)/6*t/(-14). Is -2 + 156 + (p - -2) composite?
False
Is (-187098)/(-15) + (-24)/120 a composite number?
False
Suppose -2*b + 6829 + 43349 = 0. Is b a composite number?
True
Suppose 3*w - 2 = w. Let a be (-1)/(w - (-20)/(-16)). Suppose p = -a*p + 1795. Is p a prime number?
True
Suppose 0 = -18*f + 40314 - 9912. Is f a prime number?
False
Suppose 0 = 12*z - 110454 - 62910. Is z a prime number?
True
Is (-58)/609 + (-184174)/(-42) prime?
False
Let l(t) = 5*t**2 - 10*t + 14. Let f be l(12). Suppose 0 = 4*c - 2*c - f. Is c prime?
True
Suppose -13 = 3*x + 2*m - 4*m, -m + 6 = -x. Let o(n) = 76*n**2 + n + 1. Let j(g) = -g**2. Let z(b) = -3*j(b) + o(b). Is z(x) a prime number?
True
Let c(g) = -g**3 + 24*g**2 - 5*g - 25. Is c(19) composite?
True
Let a(m) = -m**3 + 14*m**2 + 2*m + 11. Let u = -123 - -135. Is a(u) composite?
True
Is 254/(6 + (-816)/138) composite?
True
Let q(u) = -u**2 + 11*u - 9. Let j be q(11). Let o = -7 - j. Suppose -l + o*l - 35 = 0. Is l a prime number?
False
Let v = 1037 - -78. Is v prime?
False
Suppose -145 = -4*t - 1. Let b be (-12)/t - (-26)/6. Suppose -d + 4*p + 10 + 48 = 0, p = b*d - 247. Is d a composite number?
True
Let t = -54 - -59. Is 8/1 + t + -9 - -1189 a composite number?
False
Suppose 2*j - 2 = 3*v, 2*v - 5*j + 5 = v. Let t be (6 + v)*(-35)/(-42). Suppose t*b = 18 + 57. Is b a composite number?
True
Suppose 2*k + 3*u + 401 = 2536, -5*u + 5340 = 5*k. Is k prime?
True
Let o = 7289 + -1282. Is o prime?
True
Let s(b) = -2*b + 26. Let k be s(13). Suppose 4*q + 6*q - 4470 = k. Is q a composite number?
True
Let i(k) = 3 - 627*k + k**2 + 620*k + 0*k**3 + 10*k**3. Is i(4) prime?
True
Let k(b) = 16 - 282*b + 64*b + 17. Is k(-7) a prime number?
True
Let b(j) = 2916*j**2 - 24*j - 5. Is b(3) prime?
False
Let v be (-1029)/(-12) + 6/24. Suppose -599 + v = -w - 4*x, 5*x + 522 = w. Is w prime?
False
Suppose -4976 = -2*t + 4*p, 4*t - 695 - 9266 = -p. Suppose 9*m = 3*m + t. Is m a composite number?
True
Let l(n) = 30*n**2 + 7*n + 16. Is l(-19) prime?
False
Let s(l) = -l**2 + 7*l + 8. Let c be s(7). Let n(h) = c + 2*h**2 + 0*h**2 + 4 - 15*h. Is n(11) a composite number?
False
Suppose -5*l - 3 = -28. Suppose -x + 251 = -k, 8*x + 2*k = l*x + 728. Let r = x + -119. Is r a prime number?
True
Suppose -410 - 129 = -7*j. Is j composite?
True
Let c(m) = m**3 + 11*m**2 - 27*m - 5. Let p be c(-13). Suppose 0 = p*w - 78999 - 2689. Is w a prime number?
True
Let u(d) = -d**3 - 10*d**2 - 10. Let n be u(-10). Let f = 15 + n. Suppose 3*a - 383 = -0*z + z, f*z - 20 = 0. Is a prime?
False
Suppose 20*d - 424078 = 583102. Is d a prime number?
True
Let s be (-4 + 4/(-6))*(-3)/1. Suppose 0 = s*w - 18*w + 4876. Is w a composite number?
True
Let t be -10*((-9)/(-3) - 1). Let l = t - -13. Let n(y) = -2*y**3 + 4*y**2 - 2*y - 9. Is n(l) composite?
False
Let f(m) = -93*m + 1. Let n be (4 - 2) + 0 + -6. Is f(n) composite?
False
Is 6 + (-9696)/(-6) + -1 prime?
True
Suppose 6*f - 31486 = 33392. Is f composite?
True
Let l(w) = -7*w**3 - 15*w**2 - 12*w + 1. Is l(-13) composite?
False
Let b be 2*(-4 - -2)*29. Let r = 45 + b. Let g = 22 - r. Is g composite?
True
Let n(j) = -451*j + 68. Is n(-9) a prime number?
True
Let m(p) = p**3 + 12*p**2 + 20*p + 7. Let l be m(-10). Suppose 5*k - l*k = -2*g + 792, 4*g - 2*k = 1594. Is g a composite number?
False
Let j be -3 - (1 - 698*-4). Let a = j - -3959. Is a a prime number?
True
Let i = -1 - 3. Let d be (-40)/30*6/i. Suppose d*p - 9 = m - 86, 4*m - 368 = -4*p. Is m prime?
False
Is (-20626)/9*(-81)/18 a prime number?
True
Let u(o) = o**3 - 3*o**2 - 2. Let w be u(3). Is (w/(-3))/((-1144)/573 + 2) a prime number?
True
Suppose 220 - 20 = 5*h. Let z(y) = 3*y**3 - 5*y + 9. Let w be z(3). Let o = w - h. Is o a composite number?
True
Let y = 2 + -3. Let f = y + 7. Is (1 - 4)/(f/(-118)) composite?
False
Suppose 45 = -4*q + 389. Let h = 198 + -61. Let s = h - q. Is s prime?
False
Suppose -7*v - 4 = -9*v, -3*v = 4*i - 898. Is i prime?
True
Suppose 12*t - 7*t + 2450 = 0. Let q = -225 - t. Is q composite?
True
Suppose -1050 = -7*k + 2*k. Suppose -p + 66 - k = 0. Let c = 321 + p. Is c prime?
False
Let t be 85/(-2)*(0 + -2). Suppose -2*s + 37 + t = 2*m, 2*s = -3*m + 184. Suppose f - m = -f. Is f prime?
True
Let f(u) = -u**3 - 8*u**2 + 5*u + 1. Suppose -5*v - 7 = 3*i, 0 = 2*i - i + 2*v + 1. Is f(i) a composite number?
False
Let v(n) = 17628*n + 109. Is v(1) prime?
True
Let g = -6098 + 15013. Is g a prime number?
False
Let c = 1857 + -538. Let x = c - 442. Is x composite?
False
Suppose 5*p = g + 6299, -g + 0*g = 3*p - 3773. Let f = p - 112. Is f composite?
True
Let a(x) = 102*x**2 + 4*x - 39. Is a(7) prime?
True
Is (4951/(-2))/(15/(-30)) a composite number?
False
Let m(t) be the third derivative of 0*t + 0 + 7/6*t**3 - 1/12*t**5 + 3*t**2 + 1/60*t**6 - 1/24*t**4. Is m(5) a composite number?
False
Let i(r) = 62*r**2 - 60*r - 105. Is i(-19) composite?
False
Suppose 6*q + 36 = 2*q. Let m = q + 51. Suppose 2*u = -0*u + m. Is u a prime number?
False
Suppose 0 = -r - 4*y + 4644, -3*r + 13896 = 2*y + y. Suppose -8*m + r = -276. Is m a composite number?
False
Let x be (-28362)/(-51) + (-2)/17. Suppose 2 = 2*y, -9*d + 4*d + x = -4*y. Suppose t = -d + 335. Is t prime?
True
Let c(y) = y**2. Let n(a) = 68*a**2 - 6*a - 9. Let o(s) = 3*c(s) + n(s). Is o(-4) a composite number?
False
Let g = -381 + 672. Suppose -v = -3*x - 78, 5*v + 4*x = g + 137. Suppose -3*i + 7*i = v. Is i a prime number?
False
Suppose 36*h - 2375334 = 389574. Is h composite?
True
Let t = 5302 - 3156. Suppose 0 = 4*g + 20, -4*o + 99 = -g - t. Suppose 2*v - 44 = -a + 177, 0 = 5*v + a - o. Is v composite?
False
Suppose 4*o - 5 = -29. Let h(u) = -35*u + 13. Is h(o) composite?
False
Suppose c - 239 = -r + 2543, -4*r = 20. Is c a prime number?
False
Suppose 0 = -3*i - 3*o + 33 + 42, 100 = 4*i - 5*o. Suppose -u + 10 = -2*p, -6*u + 3*p = -2*u - i. Is 152/u - (-1 - -2) a prime number?
True
Let n = -398 + 954. Suppose -4*j + 0*j + n = 0. Is j a prime number?
True
Suppose u = -5*h - 2*u + 872, 3*u - 12 = 0. Let b = h - -2179. Is b a prime number?
True
Let d = -178649 + -44761. Is (d/(-9))/10 - (-2)/3 composite?
True
Suppose 3*g + 146 = -4*b, b - 5*g = -3*g - 31. Suppose 5*m + 0*j + 4*j = -280, -5*j = -3*m - 168. Let x = b - m. Is x a prime number?
False
Is (-1201876)/(-208) - (-6)/8 a prime number?
True
Suppose 0*r + 48 = 4*r. Let g = -58 - -54. Is (28/r)/(g/(-84)) a composite number?
True
Suppose 0*w - 3*w + 21 = 3*y, -2 = 2*w. Is y/(-36) - (-2938)/18 a prime number?
True
Let f be 1/((1/(-4))/((-1)/4)). Is f/(6/4)*13380/8 a composite number?
True
Let n = -288 + 658. Suppose 0 = -15*k + 13*k + n. Is k composite?
True
Suppose 4*g = 5*g + 3. Is g + (-3788*2)/(-3 - -1) a prime number?
False
Is 6/(-4)*(3 - 27041/21) a composite number?
True
Let n = -14 + 18. Let f be 1/(-4) + 17/n. Is f + 43 - 4/(-2) a prime number?
False
Let m = -715 + -2429. Let x = -1409 - m. Is x a prime number?
False
Let t(p) = -p**2 - 33*p - 239. Let g be t(-10). Let w(u) = 3 - 3 + 2 - 117*u. Is w(g) a composite number?
True
Let k = -13172 + 24969. Is k a composite number?
True
Let g(q) = -q**3 - q**2 + 2*q + 3. Let v be g(0). Suppose -v = -2*j + 1. Is (-12)/(-8)*j - -56 a prime number?
True
Suppose 4*h - 539 = -4*s + 13065, -5*h = -4*s + 13604. Is s a composite number?
True
Suppose 28 = 5*c + 8. Suppose -1390 = -r + 3*f, -4*r + 2750 = -2*r + c*f. Is r prime?
True
Suppose -8*r = q - 12*r - 7635, 0 = 3*q + 4*r - 22985. Is q a composite number?
True
Let u be 132/(-176)*(-2 + -1 + -1). Suppose v = 2*n - 334 - 37, 0 = 4*n - u*v - 739. Is n a composite number?
True
Suppose 9*f = 6*f + 75. Let z = 10 - f. Is (-1161)/z - 4/10 a composite number?
True
Let t(y) = -3*y**3 + 13*y**2 + 15*y - 60. Is t(-21) prime?
False
Suppose 2*i = -i + 96. Let w(n) = n**3 - 2*n**2 + 4*n - 1. Let h be w(4). Let l = i + h. Is l composite?
False
Let g(k) = -k**3 - 9*k**2 - 12*k - 15. Let d be g(-8). Suppose 0 = -2*r + 8, 3*w + 2*r + d - 178 = 0. Is w a prime number?
False
Is 16991/3 - 2/3 composite?
True
Let n(p) = -2*p + 16. Let q be n(8). Suppose 5*d + 0*d - 2*v - 2321 = q, -2*d = -4*v - 938. Let a = d + -214. Is a prime?
False
Suppose -24*o + 22649 = -13*o. Is o a prime number?
False
Let q = 76 - 85. Is 1/(2/1270 + 9 + q) a composite number?
True
Suppose m 